 u. List the prime factors of o.
19, 31
Let h(l) = 52*l - 5. Let v be h(2). Suppose 3*c - 125 = -k + 2*c, 2*k - 244 = -5*c. Let o = k - v. List the prime factors of o.
2, 7
Suppose 36*a - 89*a - 4120967 = -142*a. List the prime factors of a.
19, 2437
Suppose -4*s + 73248 = -2*c, 50 - 48 = -c. List the prime factors of s.
18311
Suppose c + 13*m - 22333 = 12*m, 4*c - 4*m = 89276. What are the prime factors of c?
2, 3, 61
Let i(r) = 98*r - 80. Suppose l + 500 = 508. List the prime factors of i(l).
2, 11
Let k(r) = -17*r**2 - 10*r + 11. Let h be k(2). Suppose 5*u = 3*d - 138, -3*d + 138 = 3*u - 2*u. Let x = d - h. What are the prime factors of x?
3, 41
Let m(a) = 451*a**2 + 39*a + 102. What are the prime factors of m(-4)?
2, 3581
Let t(u) = -7*u**2 - 15*u + 67. Let j(l) = 11*l**2 + 24*l - 101. Let y(c) = -5*j(c) - 8*t(c). List the prime factors of y(13).
2, 3, 23
Suppose 0 = 35*i - 0*i + 35. List the prime factors of -4*13668/(-48) + 1 + i.
17, 67
Let u be (-8)/(-20) - (4 - 132/20). Suppose 8*i = -u*m + 5*i + 636, -5*m + 4*i + 1078 = 0. List the prime factors of m.
2, 107
Suppose -5*w + 3*l + l - 69 = 0, 2*l = -8. Let k(r) = -18 - 17 + r - 10*r + 2*r + 0*r. List the prime factors of k(w).
2, 3, 7
Suppose -3*k - 3 = -2*k - 0*k. Let s = -2 - -26. Let x = s - k. List the prime factors of x.
3
Suppose -291 + 87 = 12*v. Let s be (12/(-9))/(2/(-144)). Let z = s + v. What are the prime factors of z?
79
Suppose 5*u - 1157 = s, -4*u - 2*s - 353 = -1273. Let f = 431 + -135. Suppose -f = -5*k - m, -4*m - m - u = -4*k. List the prime factors of k.
59
Suppose 14*k - 26*k = 2256. Let i = 375 - k. What are the prime factors of i?
563
Let p(t) = 525*t**2 + 58*t + 116. What are the prime factors of p(-5)?
3, 1439
Suppose 450*l = 591*l - 59784. What are the prime factors of l?
2, 53
List the prime factors of -61094*((-1068)/66 - -16).
2, 2777
Let m = 41661 - -3269. What are the prime factors of m?
2, 5, 4493
Let k = 1943 - 1020. Let r = -332 + k. List the prime factors of r.
3, 197
What are the prime factors of (1 - (-100)/(-8) - 3)/((-61)/366)?
3, 29
Let s(o) = 18*o**3 + 5*o**2 - 38*o - 28. What are the prime factors of s(8)?
2, 3, 13, 59
Suppose -21*t = -4*s - 22*t + 75103, 2*s - 37541 = t. List the prime factors of s.
2, 3, 7, 149
Suppose a - 3022 = 4*c, -3*a = -101*c + 105*c - 9178. List the prime factors of a.
2, 5, 61
Suppose 2 = -0*z + z. Let n be (4 + -1)/21 - (-204)/42. Suppose -z*l = -5*i + 291, -108 = -2*i - 0*i + n*l. List the prime factors of i.
59
Suppose 273528 = 17191*w - 17183*w. List the prime factors of w.
3, 29, 131
Let a(q) = 20*q**3 + 2*q**2 - 4*q + 15. Let x be a(5). Let d = x + -1660. List the prime factors of d.
3, 5, 59
Suppose -10*p - 18 + 68 = 0. Suppose u - 6*u + 1068 = 4*z, p*u = 0. List the prime factors of z.
3, 89
List the prime factors of 4 + 8362 + (-210)/14.
7, 1193
Let d(s) = 3*s**2 + 12*s - 97. Let b be d(-20). List the prime factors of (-15 - -10) + (b - 4).
2, 7, 61
Suppose 90*f - 585190 = -164802 + 475742. What are the prime factors of f?
3, 3319
Let d(w) = w**3 + 129*w**2 + 47*w + 436. What are the prime factors of d(-126)?
2, 19, 1109
Let v be (2 - 1)/(8/256). Let z(q) = -q**2 + 56*q - 82. List the prime factors of z(v).
2, 7
Let y(n) = -10*n - 23. Let o be 1 - 20*-1 - -2. Suppose 2*c + l - o = 4*c, -10 = c - l. What are the prime factors of y(c)?
107
Suppose 4*d - t - 161 = 0, 0*d - t = 2*d - 85. Suppose 2*r = -d - 7. What are the prime factors of 3 + r/9 - (-610)/6?
2, 3, 17
Let t(w) = -434*w + 216*w - 46 + 215*w. Let p be t(-16). Suppose -f + 18 = -5*i, 2*f = -p*f + 2*i + 90. List the prime factors of f.
23
Let s be (-2 - 3) + 12 - 1. Suppose s*r = -3*r - 1179. Let u = r - -226. List the prime factors of u.
5, 19
Let c be ((-3)/(-1))/9*24. Suppose -l - 16 = -4*g, -l = -0*l + 2*g - c. Suppose 5*w + 2*u - 913 = -274, l = 5*w + u - 637. What are the prime factors of w?
127
List the prime factors of -11 + (-29)/((-116)/20872).
41, 127
Let u be (-5)/(-25)*5 - (2 - 4831). Suppose u = -g + 6*g + 5*o, 4802 = 5*g - 2*o. Suppose 5*r + g = 5*v - 203, 2*v + 3*r = 466. What are the prime factors of v?
233
Suppose -2*g - 6 = -4*u, -4*g - 1 + 17 = -u. Suppose 0 = -g*o + 3*c - 19838 - 5140, 0 = 3*c - 3. List the prime factors of o/(-63) - 2/7.
79
Suppose -3*b = 4*i - 21, 4*b - 12 = -4*i + 12. Suppose -4*m = -i*a - 337, 4*m - 4*a = -7*a + 319. What are the prime factors of m?
2, 41
Let p(c) = -1292*c - 2987. List the prime factors of p(-10).
3, 7, 11, 43
Let m = -310 - -318. List the prime factors of (-6102)/(-7) + m/28.
2, 109
Suppose 12 + 0 = 3*o. Let l be (-15)/(-6) + (-2)/o + 878. Suppose -7*p + l = p. List the prime factors of p.
2, 5, 11
Let s(o) = o + 7. Let w be s(1). What are the prime factors of (-210043)/(-235) + w/(-10)?
19, 47
Let y = -80 + 85. Suppose 4*a - 3*a + y*r = -9, 4*a - r - 48 = 0. List the prime factors of a.
11
Let k(s) = -s**3 - 9*s**2 - 7*s + 13. Let n be k(-8). Let f be 9 + 5/n - 4. Suppose 3*a = 141 + f. What are the prime factors of a?
7
Let z(f) = -12*f**2 - 3*f - 1. Let r be z(-1). Let x be (-4)/10 - 4/r. Suppose x = c - 4*v - 60, -128 = -2*c - v + 5*v. List the prime factors of c.
2, 17
Let z = 85 - 97. Let d(u) = 14*u**3 + 3*u**2 + 2*u - 7. Let a be d(-3). List the prime factors of (a/z)/(3/(-9)*-1).
7, 13
Let h = 44 + -87. Let y = -46 - h. What are the prime factors of y - (-166)/4 - 3/2?
37
Let u(p) = -324*p + 88. List the prime factors of u(-6).
2, 127
Suppose 0 = 7*z - 49403 - 5708. What are the prime factors of z?
7873
Let j(h) = 39*h**3 + 7*h**2 - 7*h - 53. List the prime factors of j(6).
8581
Suppose 0*k - 28 = -2*y + 5*k, 4*k = 3*y - 28. Suppose 5*o = d - y*d + 89, 2*d + 5*o - 61 = 0. List the prime factors of d.
2, 7
Suppose 19*r = 81*r - 164*r + 810696. What are the prime factors of r?
2, 1987
Let r be (-3)/9 - (-42)/18. Suppose 0 = 7*v - 2*v + 5*h - 430, r*v - 196 = 4*h. What are the prime factors of v?
2, 3, 5
What are the prime factors of 23388 - (-3)/9*2/((-12)/126)?
103, 227
Let q(a) = 6*a + 24. Let x be q(-4). Let t = 4 + x. What are the prime factors of 8 + ((-16)/t - -4)?
2
Let q = 6725 + 3263. What are the prime factors of q?
2, 11, 227
Suppose -5*y - 5 = 3*f + 2*f, -3*f - 9 = 0. Suppose 4*z = -3*t + 2779, 2754 = z + 3*z - y*t. What are the prime factors of z?
691
Suppose -n - 10089 = 8*n. What are the prime factors of 4/(-18) - (-87)/27 - n?
2, 281
Let c = -1189 - -1299. List the prime factors of c.
2, 5, 11
Let c be (-1 + -175)*24/48. Let j = 166 + 134. Let p = j + c. What are the prime factors of p?
2, 53
Let u(s) = -3*s**3 - 5*s**2 - 3*s + 10. Let v be (-114)/15 - 21/(-35). List the prime factors of u(v).
5, 163
What are the prime factors of (-3 - -22 - 24)/((-5)/21727)?
21727
Let u = 126 + -124. What are the prime factors of (8/(-10))/(u/(-785))?
2, 157
Let g be (-9)/(-2) - (-9)/(-6). Suppose -3*v + x = -1706, -g*v = -6*v - x + 1696. List the prime factors of v.
3, 7
Let g(w) = -2067*w**3 + 6*w**2 + 6*w + 1. What are the prime factors of g(-2)?
13, 19, 67
Suppose 0 = -4*i - 237 + 17. Let k be ((-264)/i)/((-6)/(-20)). Suppose k*l - 18 = 13*l. What are the prime factors of l?
2, 3
Suppose -186233 = -27*m + 244147. List the prime factors of m.
2, 5, 797
Let q(u) = -5*u**3 - 4*u**2 + 9*u + 75. Let f(c) = -26*c**3 - 19*c**2 + 45*c + 377. Let s(k) = -2*f(k) + 11*q(k). What are the prime factors of s(-5)?
251
Suppose 0 = 9*i - 60 + 15. Let g(x) = x**2 - 4*x - 4. Let h be g(i). List the prime factors of 14 + (0 + 0 - h).
13
Let y = 367 + -363. Suppose 0 = -4*b + 2*n + 598, -y*b = -5*n - 260 - 329. List the prime factors of b.
151
Suppose 1 - 13 = -4*g. List the prime factors of 575 - ((-3)/g)/2*4.
577
Suppose -29*j = 4*s - 26*j - 22508, 2*s - 5*j - 11228 = 0. What are the prime factors of s?
2, 19, 37
Let y = 297 + -469. Let n = -494 + 391. Let f = n - y. List the prime factors of f.
3, 23
List the prime factors of 112/20 - 70/(-175) - -22882.
2, 2861
Let z = -278 - -278. Suppose -6*x + 2491 + 83 = z. What are the prime factors of x?
3, 11, 13
Suppose -28*v + 33502 + 38416 + 13678 = 0. What are the prime factors of v?
3, 1019
Suppose 18*q + 2160080 = 102*q + 40*q. What are the prime factors of q?
2, 5, 13, 67
Let p be ((-1)/(-3))/(2/(-6)). Let h(k) = 2*k + 0 - 24*k**3 + 2*k**2 + 5 -